 the ten thousands digit of -1516*(111/(-15) - (-12)/30)?
1
Let k(m) = 283*m**2 + 302*m + 2901. What is the thousands digit of k(-10)?
8
Suppose -248*n + 3104482 = -843454 - 53048. What is the hundreds digit of n?
1
Suppose -4*k - 264 = -2*k. Let z be ((-292)/(-4) + 1)*(-9)/18. Let r = z - k. What is the tens digit of r?
9
Let c(k) be the first derivative of -k**4/4 - 2*k**3/3 + 3*k**2/2 + 3*k + 3. Let t be c(-3). Suppose -t*y + 70 = -65. What is the tens digit of y?
4
Let b be (6/10)/((-5)/25). What is the hundreds digit of b*(-2)/(-5)*2190/(-12)?
2
Let h = 13 + -30. Let x(f) = 45*f + 19. Let m(q) = 29*q + 12. Let n(u) = -8*m(u) + 5*x(u). What is the hundreds digit of n(h)?
1
Let z(a) = -962*a + 4145. What is the ten thousands digit of z(-24)?
2
Suppose 9*z + 233 = 7550. Suppose -2*u + z = u. What is the tens digit of u?
7
Let k(m) = -561*m + 5. Let w be k(1). Let u = w - -809. What is the hundreds digit of u?
2
Let q be (-11 - 170/(-20))*(-84)/(-10). Let f(k) = k**3 + 22*k**2 - 18*k - 5. What is the tens digit of f(q)?
1
Suppose 1363 = -c + 7255. Suppose -2207 = -7*z + c. What is the thousands digit of z?
1
Let d(c) be the third derivative of c**4/24 - 3*c**3/2 + 6*c**2. Let o be d(12). Suppose 3*u = 6*a - 2*a - 297, -a - o*u + 78 = 0. What is the tens digit of a?
7
Suppose 0 = -5*i + 277 + 18. Let y be 2/((-2)/(-3)) - -29. Let g = i - y. What is the units digit of g?
7
Suppose 5*h - 32 = 2*o, -5*o = -3*h + 16 + 7. Suppose -638 = -h*i + 2146. What is the tens digit of i?
6
Suppose 35356 = 43*v + 5074 - 47505. What is the tens digit of v?
0
What is the units digit of 76383/21 - (6/4 - (-119)/(-98))?
7
Suppose -13*z - 702 = -16*z. Suppose 465 = 2*l - 3*m, -23*m + 26*m + z = l. What is the units digit of l?
1
Suppose -5*g + 15 = -10*g, -5*j = g - 22. Suppose -j*v = t - 2977, -2*t - 922 = -3*v + 872. What is the hundreds digit of v?
5
Suppose -200*x + 5747324 = -7663276. What is the units digit of x?
3
Suppose 0 = j + 5 - 8. Suppose -216 = -2*t - j*b, t - 10*b + 7*b = 117. What is the tens digit of t?
1
Let b = -14212 + 26435. What is the thousands digit of b?
2
Suppose -f + 29 = -3*u, -8*u = -5*u - 4*f + 44. What is the tens digit of 206*((-2)/4)/(-9 - u)?
0
Suppose 670957 = 72*l - 479099. What is the hundreds digit of l?
9
Let b(r) = -r**3 - 7*r**2 - 10*r + 4. Let a be b(-5). Suppose -a*w + j = -3678, -5*j + 859 = -4*w + 4545. What is the hundreds digit of w?
9
Suppose -4*z = -u - 93, 0 = 2*z - 4*u - 70 + 20. Suppose 0 = -s + z*s - 27500. What is the thousands digit of s?
1
Suppose -2*t + 3*s + 12 = 0, -3*t - 4 - 4 = 2*s. Suppose 0 = -t*p - 3*p. Suppose -n - 40 + 89 = p. What is the units digit of n?
9
Suppose -37*c + 42*c - 5401536 = -107*c. What is the hundreds digit of c?
2
Suppose p - 4*g - 8262 = -1730, -6528 = -p + 2*g. What is the tens digit of p?
2
Let i(y) = -y**3 + 8*y**2 + 2*y + 4. Let u be i(7). Let n be ((-6)/2)/(12/(-104)). Let z = n + u. What is the tens digit of z?
9
Let g(y) = 13*y**2 - 13*y + 10*y**2 - 4643 + 4604. What is the hundreds digit of g(-4)?
3
Suppose 2*o + 2*o + 5 = 5*m, -4*m = 3*o - 35. Suppose -2*z + o = q, 10 = -5*z + 5*q - 15. Suppose 9*a - 666 = -z*a. What is the tens digit of a?
7
Let s(i) = -516*i - 1992. What is the thousands digit of s(-77)?
7
Let i = -347 + -322. Let q = 216 + i. What is the units digit of q/(-15) + 7/(-35)?
0
Suppose 0 = -5*d - 2*j + 146730, 0 = d - 298*j + 302*j - 29346. What is the units digit of d?
6
Let k(s) = -s**3 + 6*s**2 - 12*s + 5. Let y be k(3). Let a(v) be the third derivative of -v**4/12 + 7*v**3/6 + 2*v**2. What is the units digit of a(y)?
5
Let i = -64 - -59. Let n(f) = -244*f + 24. What is the thousands digit of n(i)?
1
Suppose -20 = -2*p - 4*w, -4*p + 2*w - 5*w = -25. Suppose -2*b = -5*y - 761, p*y + y = 5. What is the units digit of b?
3
Let h(b) = 25*b**3 + 1 - 316*b + 316*b + 2*b**2 - 5. What is the tens digit of h(2)?
0
Let h(c) be the first derivative of c**3/3 + 4*c**2 + 12*c - 21. Let f be h(-7). Suppose -3*l + 12 = 0, -b - 44 = -f*l - 143. What is the tens digit of b?
1
Let x(g) = -362*g - 3104. What is the tens digit of x(-98)?
7
Suppose 5*x = 4*n + 60324, -60323 = -5*x - 4*n + 7*n. What is the thousands digit of x?
2
Suppose 0 = 3*b - 3*q, -2*q = -b + q - 8. Suppose 0 = -y - 2*u + 8, 0 = 4*y - 4*u - 4 - b. Suppose -y*r = -2*r - 244. What is the units digit of r?
2
What is the units digit of (88/792 + (-827)/(-9))*23?
6
Let s(k) = -6*k**3 + 32*k**2 - 14*k - 48. What is the tens digit of s(-10)?
9
Suppose -3*h = p - 1149 - 18427, 0 = -3*h + 4*p + 19541. What is the hundreds digit of h?
5
Let p(a) = 364*a - 53. Let n be p(-7). Let i = -1358 - n. What is the units digit of i?
3
Suppose 0 = -16*x - 28281 + 4745. Let d = x - -2508. What is the tens digit of d?
3
Suppose 6*j - 5*j + 3 = 2*z, 15 = 2*j + 3*z. Suppose 0 = -j*w - 0*w + 1101. What is the tens digit of w?
6
Let m = -491 + 970. Suppose -2*r - 3*l + 1713 = 0, -m = -r + 4*l + 350. What is the hundreds digit of r?
8
Let n = 37641 + -26885. What is the thousands digit of n?
0
Let m(u) be the third derivative of -u**4/24 + 5*u**3/3 - 6*u**2. Let y be m(6). Suppose 0 = -2*w - 2, o - y*w - 92 = -o. What is the units digit of o?
4
Let r(w) = 23*w - 37. Let f be r(2). Suppose 14*i - f*i = 1220. What is the hundreds digit of i?
2
Let q(i) = -2*i**3 + 15*i**2 - 5*i - 2. Let d be 22/4 - (-7)/(-14). Let p be q(d). Let c = -26 + p. What is the tens digit of c?
7
Let i = 33 - 63. Let d = i + 36. Let z = 72 - d. What is the units digit of z?
6
Suppose -6422 = -5*d - 4*i, -d + 2*i + 721 = -555. Suppose -2*k + d = 4*f, 3*f + 15*k - 959 = 13*k. What is the tens digit of f?
2
Suppose -7*y + 2*y = q - 7, -4*q - y = -9. Suppose 2*c - 2*h + 424 = -2*c, 5*c = -q*h - 521. Let g = c - -193. What is the tens digit of g?
8
Let u = 469 - 457. Suppose -u*v + 715 = -v. What is the units digit of v?
5
Let k(p) = 37*p**2 - 23*p - 166. What is the hundreds digit of k(-8)?
3
Let s(l) = -l**3 - 15*l**2 - 16*l - 5. Let c be s(-14). Let w = c + -25. What is the units digit of (1/w)/((-1)/178)?
9
Let a(i) = 1791*i + 764. What is the units digit of a(8)?
2
Let l = -278 + 469. Suppose 12*u = l + 205. Let h = u - -27. What is the units digit of h?
0
Let p(v) = 3*v**2 + 41*v + 4. Let u be p(-15). Let k = 9 + u. What is the tens digit of k?
7
Let h(c) be the third derivative of 11*c**4/12 - 2*c**3/3 - c**2. Suppose 4*q - 6*o - 27 = -o, 0 = q + 5*o + 12. What is the units digit of h(q)?
2
Let y(d) = -5*d + 29. Let v(p) = -p + 6. Let r be (3/(-3))/(5/(-5)) - -1. Let s(k) = r*y(k) - 11*v(k). What is the units digit of s(11)?
3
Suppose 29*f + 12*f = 280153. What is the tens digit of f?
3
Suppose -54*t + 6081668 = 70*t + 894252. What is the ten thousands digit of t?
4
Suppose 2608872 = 561*r - 508*r. What is the units digit of r?
4
Let g = 2527 + -1285. What is the thousands digit of (g/(-115))/(242/(-240) + 1)?
1
Let r = 70 - 166. Let c(w) = -5*w - 36. Let t be c(-7). What is the tens digit of (-8)/(-28) - r/(-7)*t?
1
Let i = 73277 + -45637. What is the thousands digit of i?
7
Let w be 4*(-5)/((-5)/14). Let k(v) = -v**3 - 8*v**2 - 11*v - 18. Let s be k(-6). Let g = w + s. What is the units digit of g?
2
Suppose 14*g + 2*g = 8944. Let j = -224 + g. What is the tens digit of j?
3
Suppose -a - 4*w = 2*a + 16, -4*a = -w - 4. Suppose 5*k + 2*c - 653 - 229 = a, 364 = 2*k - 2*c. Suppose -11*y + 251 + k = 0. What is the units digit of y?
9
Suppose -38*z + 3324819 = 63*z. What is the hundreds digit of z?
9
Suppose 712*k - 1394400 = 562*k. What is the thousands digit of k?
9
Let h = -310 - -1215. Let w = h - 449. What is the tens digit of w?
5
Let s(y) = y**2 - y - 5. Let w be s(5). Let x(u) = 2*u**3 - 2*u**2 + 5*u - 3. Let i be x(1). Suppose i*k = w + 33. What is the units digit of k?
4
Suppose -l = 3*y - 128, 0 = -l - 0*l + 5*y + 168. Let h = 469 - l. Let x = h + -175. What is the hundreds digit of x?
1
Let s = -41 - -52. Let o(z) = -19*z - 143. Let v(r) = -10*r - 72. Let c(p) = s*v(p) - 6*o(p). What is the units digit of c(0)?
6
Let m = -125 - -128. What is the tens digit of 1516/m*42/28?
5
Let o = 10039 - 5340. What is the tens digit of 1 - (-42)/(-36) - o/(-6)?
8
Let m(q) = 10838*q + 479. What is the hundreds digit of m(5)?
6
Let s(m) = 10*m**2 - 88*m - 14